)?
-3
2 + 0 + (-15 - -12) + -1
-2
Evaluate (5 - (-4 + (6 - -5))) + 5.
3
Calculate 4 - (0 + (1 - -2)) - 3.
-2
Evaluate (-4 - (2 - 11 - -4)) + -6.
-5
-12 + (-15 - -10) + 14
-3
What is the value of 7 - (7 + -3) - (1 + 1)?
1
Calculate -4 - -6 - 2 - -8.
8
-5 + (-5 - (2 - 8))
-4
Calculate (9 - (6 - 3)) + 0 + -4.
2
(-1 - -2) + -12 + 5 - 5
-11
-1 + 3 - (2 + (-6 - -3))
3
Evaluate 1 + 3 - (4 - -1 - 6).
5
What is the value of (-3 - (-8 - -4)) + 2 + -1?
2
(13 + -6 - 13) + 12
6
-7 - 0 - (-6 - -1)
-2
Calculate -4 + 5 + 4 + -6 + 0.
-1
Evaluate (-5 - 0) + (6 - 0) + -3.
-2
What is -1 + (-6 - -4) - -9 - 4?
2
-2 - (7 - (-10 + 14))
-5
Calculate (-10 - -9) + (0 - 1) - -3.
1
What is -3 + (-2 - -5 - (-3 + 2))?
1
What is (2 - (-8 + 1 + 4)) + 0?
5
What is the value of -6 + -7 + -1 + (6 - 0)?
-8
Evaluate 10 + -19 + 2 + 1 + 6.
0
What is the value of -3 + (-3 + 7 - 5 - 0)?
-4
Evaluate 1 - (-3 + (-1 - -6)).
-1
-7 - (2 + 0 + -6 + 1)
-4
What is the value of -4 + 1 + 4 + 0?
1
What is (0 - -1) + 1 - 0 - 6?
-4
What is the value of 0 + 1 + (4 - 1) + -6?
-2
Evaluate (-3 - (-5 + -1)) + -5 - 3.
-5
What is the value of (-52 - -38) + -3 + 15?
-2
What is 9 + 2 + -4 - (-113 - -113)?
7
3 - (1 + 2) - (-11 + 5)
6
(4 - 8) + -5 + 2 + 5
-2
Calculate (-2 - -5 - 10) + 14 - -3.
10
-2 - -5 - ((-9 - -7) + -2)
7
What is the value of 95 + -81 + (2 - 1) + -9?
6
Calculate (6 - 4) + -5 + 3 + 0.
0
What is the value of -4 + -5 + 6 - -3?
0
-3 + (-9 + 0 - -7)
-5
What is the value of (-24 - (3 - 4)) + 13?
-10
What is the value of -7 + -3 - ((-3 - 3) + 3)?
-7
-2 - 0 - -2 - (-9 - -11)
-2
Evaluate -6 + (-2 - (-4 + -2)).
-2
What is 3 + (-4 - (0 + 3 - 1))?
-3
Calculate -8 + 12 + -6 + 5.
3
Evaluate (2 - 1) + -5 + 9.
5
What is the value of -15 - (0 - 10) - 4?
-9
What is the value of (0 - -2) + 1 - (5 + 1)?
-3
Calculate 3 + -9 + 7 - 4.
-3
Calculate 1 - 0 - (4 - 5).
2
What is the value of (-1 - (-8 + -1)) + -3?
5
What is (-1 - 2) + (-2 + 8 - 3)?
0
What is the value of (2 - 3 - -7) + 1 + -3?
4
Calculate -1 - ((-3 + 0 - -3) + 0).
-1
What is -4 + 2 + (54 - 49)?
3
Evaluate (-3 - 0) + 5 + -3 + 6.
5
Evaluate -2 + 0 + (3 - 0) + 2.
3
10 + -10 + (-3 - 0)
-3
Calculate -2 + (4 - (2 - 3 - -8)).
-5
What is the value of -89 + 95 - (3 + 2)?
1
-17 + 13 + 13 + 0
9
What is the value of 6 + (5 + -10 - 0)?
1
What is -4 + 4 + -8 + 0 + 6?
-2
Evaluate (0 - -1) + -5 + 8 + -5.
-1
Calculate -4 + (0 + -2 - -12).
6
What is the value of 1 - (1 + -2 + 4)?
-2
Calculate -1 + (1 - 1 - 1) - -7.
5
What is the value of 1 + -7 + 9 + -6?
-3
What is (4 + -1 - (16 - 9)) + 2?
-2
6 - (-2 - -10 - -4)
-6
Evaluate 2 - (3 - 2 - 2).
3
What is -4 + 0 - -9 - 3?
2
Evaluate 2 + (-2 - (-3 + 2)).
1
Evaluate -5 + 3 + 3 + -4.
-3
What is the value of 3 + -11 + (-4 - (2 - 11))?
-3
Calculate 4 + -4 + -3 - 2.
-5
Calculate -6 + (-2 - -7 - 3).
-4
What is the value of -2 - (-3 - -2) - (-3 + 4)?
-2
What is the value of 83 - 82 - (1 + 1)?
-1
What is (1 - 7) + 2 + 14?
10
What is the value of 10 + 1 + -2 - 2 - 4?
3
What is the value of 3 + -4 + 0 + 1 + -6?
-6
Evaluate 4 - (-2 - (-2 - 0)) - 2.
2
What is (3 - -1) + (-5 - 1 - -6)?
4
What is the value of -1 + 7 - (-1 + 11)?
-4
Calculate -8 + 5 + 4 + 1.
2
Calculate -2 + 16 - (0 + 6) - 2.
6
3 - -1 - (-56 - -50)
10
-8 + (-17 - -7) - -14
-4
What is the value of -1 - (-3 + -2 + 2 + 0)?
2
What is the value of -3 - 4 - (-6 - -4) - -3?
-2
Evaluate -7 - (-12 - (3 - -2 - 11)).
-1
What is the value of 2 + -2 + (6 - 5 - -2)?
3
Calculate 2 + (6 - 11) - -6.
3
What is the value of -2 + (2 + 1 - (-40 - -37))?
4
What is -33 - -40 - (2 - -1)?
4
(-2 - -3 - -7) + 0
8
Calculate -8 - (-8 - ((-9 - -5) + 2)).
-2
What is 7 + -17 + (7 - 1 - 1)?
-5
Evaluate -3 - (-1 - (0 + 1)).
-1
Evaluate 4 - ((-13 - -5) + 6 - -4).
2
Calculate (0 - (3 + 5)) + 2.
-6
What is 2 - 2 - 3 - (-1 - 4)?
2
Calculate (-21 - -18) + (0 + 0 - -3).
0
What is 12 + -3 + 7 + -26 + 19?
9
(-6 - (3 - 6)) + (-2 - -5)
0
What is (4 - 0) + (-5 - -1)?
0
Evaluate 1 - (1 + (8 - 4)).
-4
What is 4 + -15 - (0 + -8)?
-3
Evaluate 2 - -10 - 9 - 7.
-4
Calculate -3 + 3 + -3 + 1 + 8.
6
-3 - -1 - (16 + -15)
-3
7 + (2 + -4 - 9)
-4
Evaluate 4 - (6 + 5 - 1).
-6
(7 - -2 - (2 - -5)) + 5
7
-12 - -16 - (-3 + 3)
4
What is 3 - (0 - 1) - (2 + 7)?
-5
Evaluate 2 + -1 - 1 - 1.
-1
Evaluate 6 - (4 + (1 - (5 + -10))).
-4
Evaluate (3 - (-1 + 7) - 1) + 2.
-2
What is -2 + (4 - 2) + (-7 - -5)?
-2
What is (0 - -2 - -2) + (7 - 11)?
0
9 + (2 - 21) + 4
-6
Calculate (-1 - -6) + (-5 - -3).
3
What is -20 + 25 + (0 - -6) + -5?
6
Calculate 17 - (1 + 3 + 4).
9
Evaluate -4 + 3 + (1 - -6).
6
What is the value of (-1 - (-7 - 0)) + -12 - -9?
3
Calculate (14 + -6 + -24 - -7) + 7.
-2
What is 6 + -1 + (52 - 51)?
6
What is 5 + (-10 - -12 - (0 - -1))?
6
What is 5 + (-1 - 1 - -4 - 3)?
4
What is the value of -9 - (6 - (14 + -5))?
-6
What is -3 + -4 + -4 + 6?
-5
What is (-2 - (1 - 5 - -1)) + 4?
5
Evaluate 7 + -12 + 6 - (-2 - -1).
2
What is the value of 9 + (0 - 11) + (5 - -2)?
5
-1 - (1 + 0) - (9 - 11)
0
(11 - (4 - (2 - 0))) + -4
5
What is the value of 4 + (-3 - -7) + (2 - 6)?
4
Calculate -4 + 7 - (-3 + 3).
3
What is the value of (3 - (-4 - -7)) + 4 + -4?
0
Calculate -2 - ((-4 - -12) + -9).
-1
What is the value of 0 - ((1 - -2) + -8)?
5
4 - (-1 + 3 + 5 + -10)
7
Evaluate -5 + (-7 + -6 - -10).
-8
(-1 - 2 - 0) + 0 + 6
3
What is (11 - 11) + 1 + 2?
3
Calculate -5 + (-10 + 5 - (-5 - -1)).
-6
4 + -3 + 2 + 2
5
Calculate -4 + (11 - (3 + 5 - 3)).
2
Evaluate 1 + -4 + (-5 - -3).
-5
What is the value of -29 + 36 - (2 - (-1 - 0))?
4
Calculate 1 - (0 + 1 + 2).
-2
Evaluate (1 - 0) + -5 + 5.
1
What is the value of (-15 - -10) + -2 + 4 + -1?
-4
What is the value of (3 - 1) + (1 - -4 - 4)?
3
Calculate 12 + (-10 - (2 - 5)).
5
What is (-4 - (-4 + 7)) + 2?
-5
What is the value of (2 - (-3 - -6)) + -2 - -3?
0
What is -7 + (0 + 7 - 4)?
-4
What is (8 + 0 - (13 - 8)) + 4?
7
-1 + (2 - -3) + -3
1
Evaluate -8 + (9 - 8) + 4.
-3
What is 0 + 3 + 0 + -5?
-2
Calculate -2 + 3 + 4 + (2 - 3).
4
What is (-13 - -15) + -8 + (0 - -13)?
7
What is the value of 1 - (2 + 3 + -2 + -7)?
5
(17 - 9 - 4) + -12
-8
What is 0 - (1 + -4 + -1)?
4
Calculate 3 - (13 + -8 - 1).
-1
Calculate -2 - ((4 - 6 - -4) + -2).
-2
What is the value of -1 + (-15 - -4) + 6?
-6
(-15 - (3 - 10)) + 2
-6
Calculate 0 + 3 + (0 - 4) + 3.
2
What is the value of -11 + 17 + -10 - -2?
-2
Evaluate (5 - 4) + (3 - (1 + -2)).
5
What is 2 - (-3 - (-4 + 2))?
3
Calculate -2 + (3 - 6 - -4).
-1
What is -8 - -9 - 5 - (2 - 0)?
-6
3 - (3 + -6 - (-2 + -5))
-1
4 + -7 + 0 + -2
-5
-2 + (-6 - -1 - -1) + 6
0
Evaluate (-2 - -1) + -8 + 4.
-5
Evaluate 6 + -4 - (2 + 3) - 2.
-5
Calculate 0 + -1 + 1 + -2 + -3.
-5
(2 + (-4 - -3) - 2) + 1
0
Evaluate -7 + -6 + 20 + -3.
4
Evaluate 4 + (-4 - (-2 - -2)) - 5.
-5
Calculate 7 - (4 - -2) - 4.
-3
Calculate 0 - (2 - 6 - -5).
-1
Calculate 182 - 186 - (0 - 1 - 1).
-2
Evaluate 0 + 0 + (1 - 3) - 3.
-5
Calculate -10 + 12 + 10 - 20.
-8
What is 3 - -1 - (6 + -4 - -6)?
-4
(13 + -17 - 12) + 10
-6
What is the value of -33 + 38 + (0 - 1)?
4
What is the value of -6 - (-1 - 0 - (-2 - -6))?
-1
Calculate (43 - 22) + 2 + -14.
9
21 - 1 - (16 - 4)
8
What is 0 + 1 - 7 - -2?
-4
Calculate 0 - (0 - -4) - 1.
-5
Evaluate (-184 - -184) + 1 + 1.
2
Evaluate -4 - (3 - 3 - -1).
-5
Calculate 11 + (-6 - -2) + 3 + -5.
5
What is -2 - (-7 + 2 + -2 + 3)?
2
What is (-19 - 0) + 10 - -4?
-5
Evaluate 2 + (1 - (-14 + 12)).
5
Evaluate (3 - (-1 - -2)) + -3 - -4.
3
What is the value of 10 + (3 - (8 + -3))?
8
Evaluate -8 - (1 - (-6 - -2) - 8).
-5
Evaluate -4 - (0 + 3 + -5 + 3).
-5
What is the value of 3 - (6 + 2 + -1) - -1?
-3
What is the value of (4 - 11 - -4) + 3?
0
56 - 48 - (-1 - -13)
-4
What is the value of (9 - 14) + 14 + (-4 - 0)?
5
What is the value of (-1 - -3) + -1 + 1?
2
What is 6 + -3 + (-3 - 5)?
-5
Evaluate 1 + -2 - (-45 - -51).
-7
Calculate -1 + (-4 - (-1 + 1 - 2)).
-3
What is (-7 - (3 + -7)) + (0 - 1)?
-4
What is -1 + -1 + (-1 - 12) + 5?
-10
Calculate -2 - (3 + 1 + -11).
5
Calculate 2 + -12 + 3 + 4 - 0.
-3
What is -3 + 1 + (1 - 1 - -5)?
3
Evaluate 5 - (15 + -9 - 0).
-1
9 + 6 + -10 + (-12 - -1)
-6
What is the value of 2 + (3 + -4 - 0)?
1
-4 - (2 - (7 - 6 - 1))
-6
What is (0 - 2) + (-1 - 2)?
-5
What is the value of (12 - 6) + (-7 - -3)?
2
What is (-9 - -1) + (212 - 210)?
-6
Evaluate (-5 - 10 - -7) + 5 + 1.
-2
17 + -7 - (8 - 0)
2
What is -7 + 1 -